
Is 12598 a prime number?
False
Is 81343 a composite number?
False
Is 592019 composite?
False
Is 23651 a prime number?
False
Is 397897 a prime number?
True
Is 9017 composite?
True
Is 18037 composite?
True
Is 66643 a prime number?
True
Is 461801 composite?
False
Is 3433 a prime number?
True
Is 34123 composite?
False
Is 592691 a prime number?
False
Is 227299 prime?
True
Is 47939 composite?
False
Is 125497 a composite number?
False
Is 296551 prime?
True
Is 47473 a prime number?
False
Is 524633 composite?
False
Is 124715 a prime number?
False
Is 63377 a composite number?
False
Is 1398701 prime?
True
Is 50377 prime?
True
Is 2506223 prime?
True
Is 43451 a prime number?
True
Is 1711 composite?
True
Is 272651 prime?
True
Is 556345 a composite number?
True
Is 14123 a prime number?
False
Is 36433 composite?
False
Is 15802 a prime number?
False
Is 32537 a composite number?
False
Is 146459 composite?
True
Is 20413 prime?
False
Is 1537 composite?
True
Is 2279239 a prime number?
True
Is 21341 composite?
False
Is 2861 a prime number?
True
Is 13615715 composite?
True
Is 1242061 a prime number?
True
Is 83209 composite?
True
Is 355297 composite?
False
Is 1361 composite?
False
Is 12319 prime?
False
Is 44861 a prime number?
False
Is 174161 prime?
False
Is 80293 a composite number?
True
Is 40607 prime?
False
Is 278965 a prime number?
False
Is 112345 a composite number?
True
Is 101807 prime?
True
Is 9601 a prime number?
True
Is 17179 composite?
True
Is 25741 a composite number?
False
Is 56983 a prime number?
True
Is 101827 a composite number?
True
Is 292821 prime?
False
Is 757879 composite?
False
Is 535103 prime?
True
Is 453059 composite?
True
Is 302381 a composite number?
True
Is 139241 prime?
True
Is 3413 a composite number?
False
Is 29695 composite?
True
Is 8267 prime?
False
Is 669241 composite?
False
Is 2598491 a composite number?
True
Is 1039 composite?
False
Is 335021 composite?
False
Is 103769 composite?
False
Is 46493 a prime number?
False
Is 29765 composite?
True
Is 59771 composite?
False
Is 21361 a composite number?
True
Is 372751 a prime number?
True
Is 863 a composite number?
False
Is 477733 a composite number?
True
Is 611587 a prime number?
True
Is 87695 composite?
True
Is 21377 a composite number?
False
Is 397 composite?
False
Is 8059 a prime number?
True
Is 112061 a composite number?
False
Is 32987 prime?
True
Is 4265 a prime number?
False
Is 22303 a prime number?
True
Is 5807 prime?
True
Is 1268279 a prime number?
True
Is 93986 composite?
True
Is 4856714 composite?
True
Is 195267 prime?
False
Is 44827 composite?
True
Is 229459 a prime number?
True
Is 190321 composite?
False
Is 28687 a prime number?
True
Is 5749 a composite number?
False
Is 5669 composite?
False
Is 13649 prime?
True
Is 7601 a prime number?
False
Is 1474502 a composite number?
True
Is 18895 a prime number?
False
Is 9307 a prime number?
False
Is 2038463 composite?
True
Is 4201 a prime number?
True
Is 23209 prime?
True
Is 14519 a composite number?
False
Is 316769 composite?
False
Is 49319 prime?
False
Is 6941 composite?
True
Is 262981 a prime number?
True
Is 24053 prime?
False
Is 2533 a prime number?
False
Is 123601 a composite number?
False
Is 52999 a composite number?
False
Is 187751 a prime number?
True
Is 861791 prime?
False
Is 3299 composite?
False
Is 31009 composite?
True
Is 844681 prime?
False
Is 389 a composite number?
False
Is 3306701 prime?
True
Is 15089 prime?
False
Is 401507 a prime number?
True
Is 37951 a prime number?
True
Is 86677 composite?
False
Is 12394 prime?
False
Is 8267 a composite number?
True
Is 10666 composite?
True
Is 674909 prime?
False
Is 150869 composite?
False
Is 4703 a composite number?
False
Is 33739 a prime number?
True
Is 8921 prime?
False
Is 11071 composite?
False
Is 4159 a prime number?
True
Is 39499 composite?
False
Is 499 composite?
False
Is 13813 composite?
True
Is 443453 composite?
False
Is 1043 a prime number?
False
Is 583577 a composite number?
False
Is 148777 prime?
False
Is 46523 a composite number?
False
Is 8059 composite?
False
Is 298313 composite?
True
Is 2438413 a prime number?
True
Is 42221 a composite number?
False
Is 28913 a composite number?
True
Is 106993 prime?
True
Is 717979 a composite number?
False
Is 36187 prime?
True
Is 37951 a composite number?
False
Is 49079 a prime number?
False
Is 19519 a composite number?
True
Is 889507 composite?
True
Is 2281 a composite number?
False
Is 357023 composite?
True
Is 19 a prime number?
True
Is 36409 a composite number?
True
Is 2922009 a composite number?
True
Is 42887 a prime number?
False
Is 7817 prime?
True
Is 19757 a prime number?
False
Is 101191 a prime number?
False
Is 1034611 a prime number?
False
Is 15661 a composite number?
False
Is 312451 composite?
False
Is 1441306 a composite number?
True
Is 15413 prime?
True
Is 4829 a prime number?
False
Is 328983 a composite number?
True
Is 42197 prime?
True
Is 38953 a composite number?
False
Is 116837 a composite number?
True
Is 197149 a composite number?
True
Is 28321 prime?
False
Is 9957 a prime number?
False
Is 7799 composite?
True
Is 985165 prime?
False
Is 363677 composite?
False
Is 12349 prime?
False
Is 11062 prime?
False
Is 20157 prime?
False
Is 21145 a composite number?
True
Is 828353 prime?
False
Is 1320061 prime?
True
Is 1602187 a prime number?
True
Is 759767 prime?
False
Is 6899 a prime number?
True
Is 301019 a prime number?
False
Is 131367 composite?
True
Is 1973 a prime number?
True
Is 21039 prime?
False
Is 41487 a composite number?
True
Is 2071054 a prime number?
False
Is 1883 a composite number?
True
Is 22409 composite?
False
Is 26167 prime?
False
Is 42641 composite?
False
Is 1840765 prime?
False
Is 15545 prime?
False
Is 4091 prime?
True
Is 22537 a composite number?
True
Is 482227 a prime number?
True
Is 1066843 prime?
False
Is 51179 composite?
True
Is 4561 a prime number?
True
Is 19297 composite?
True
Is 6319 a prime number?
False
Is 2927 a composite number?
False
Is 89363 a prime number?
True
Is 39265 a prime number?
False
Is 2603 composite?
True
Is 1603391 a prime number?
False
Is 108529 a composite number?
False
Is 461297 a prime number?
True
Is 20471 a prime number?
False
Is 22579 composite?
True
Is 101411 prime?
True
Is 40861 composite?
True
Is 35897 a prime number?
True
Is 114865 composite?
True
Is 2291 composite?
True
Is 29006 a prime number?
False
Is 5127 composite?
True
Is 5251 a composite number?
True
Is 184537 a composite number?
True
Is 3793 a prime number?
True
Is 1623 a prime number?
False
Is 529057 composite?
True
Is 317479 a composite number?
True
Is 239329 prime?
True
Is 3191 prime?
True
Is 5671 a prime number?
False
Is 273593 a composite number?
True
Is 279143 composite?
False
Is 1574483 composite?
True
Is 57527 composite?
False
Is 29809 a prime number?
False
Is 2122 a composite number?
True
Is 9897 a composite number?
True
Is 62119 composite?
False
Is 36083 prime?
True
Is 107441 a composite number?
False
Is 3341 prime?
False
Is 38431 a prime number?
True
Is 744781 a prime number?
False
Is 6861 a composite number?
True
Is 37171 prime?
True
Is 10487 prime?
True
Is 124613 composite?
True
Is 6143 a composite number?
False
Is 13751 a prime number?
True
Is 26459 a composite number?
False
Is 11569 a prime number?
False
Is 1067 a prime number?
False
Is 337 composite?
False
Is 94889 composite?
False
Is 54062 composite?
True
Is 18329 prime?
True
Is 30166 prime?
False
Is 85099 a composite number?
True
Is 62617 a prime number?
True
Is 64937 prime?
True
Is 156007 prime?
True
Is 11299 a prime number?
True
Is 1529 prime?
False
Is 9662 a composite number?
True
Is 7829 prime?
True
Is 65738 composite?
True
Is 250147 a prime number?
True
Is 15959 a prime number?
True
Is 732799 a prime number?
True
Is 5581 composite?
False
Is 44521 prime?
False
Is 108587 a composite number?
False
Is 2161 composite?
False
Is 221033 prime?
False
Is 5951 composite?
True
Is 4832915 a composite number?
True
Is 30722 a composite number?
True
Is 18111 a composite number?
True
Is 1143977 prime?
True
Is 17327 a composite number?
False
Is 130807 composite?
False
Is 15541 a prime number?
True
Is 136133 a prime number?
True
Is 128446 prime?
False
Is 32483 a prime number?
False
Is 8033 prime?
False
Is 837439 composite?
False
Is 42905 a prime number?
False
I